{"id":25,"date":"2015-04-16T10:12:27","date_gmt":"2015-04-16T08:12:27","guid":{"rendered":"http:\/\/www.marcreibel.com\/?page_id=25"},"modified":"2026-02-24T20:22:07","modified_gmt":"2026-02-24T19:22:07","slug":"oper-kinderoper","status":"publish","type":"page","link":"https:\/\/www.marcreibel.com\/?page_id=25","title":{"rendered":"Oper | Kinderoper | Operette"},"content":{"rendered":"<p style=\"text-align: center;\"><img loading=\"lazy\" decoding=\"async\" class=\"aligncenter wp-image-97 size-full\" src=\"https:\/\/www.marcreibel.com\/wp-content\/uploads\/2015\/05\/20150325-022-1024x682.jpg\" alt=\"Marc Reibel\" width=\"1350\" height=\"900\" \/><\/p>\n<p><small>Foto \u00a9grox<\/small><\/p>\n<h1><strong>\u00a0Oper<\/strong><\/h1>\n<p id=\"u896-77\" style=\"padding-left: 30px;\"><strong><br \/>\nP. Androsch<br \/>\n<\/strong>Opernmaschine<br \/>\nSchwarze Erde<\/p>\n<p style=\"padding-left: 30px;\"><strong>G. Bizet<\/strong><br \/>\nCarmen<\/p>\n<p style=\"padding-left: 30px;\"><strong>L. Cherubini<\/strong><br \/>\nM\u00e9d\u00e9e<\/p>\n<p style=\"padding-left: 30px;\"><strong>D. Cimarosa<\/strong><br \/>\nDer Operndirektor<\/p>\n<p style=\"padding-left: 30px;\"><strong>C. Debussy<\/strong><br \/>\nPell\u00e9as et M\u00e9lisande<\/p>\n<p style=\"padding-left: 30px;\"><strong>C. Gounod<\/strong><br \/>\nFaust<\/p>\n<p style=\"padding-left: 30px;\"><strong>P. Hindemith<\/strong><br \/>\nNeues vom Tage<\/p>\n<p style=\"padding-left: 30px;\"><strong>E. Humperdinck<\/strong><br \/>\nH\u00e4nsel und Gretel<\/p>\n<p style=\"padding-left: 30px;\"><strong>G. Meyerbeer<\/strong><br \/>\nLe Proph\u00e8te<\/p>\n<p style=\"padding-left: 30px;\"><strong>W.A. Mozart<\/strong><br \/>\nCos\u00ec fan tutte<br \/>\nDie Entf\u00fchrung aus dem Serail<br \/>\nDie Zauberfl\u00f6te<br \/>\nDon Giovanni<br \/>\nLe nozze di Figaro<\/p>\n<p style=\"padding-left: 30px;\"><strong>M. Obst<\/strong><br \/>\nDie andere Seite<\/p>\n<p style=\"padding-left: 30px;\"><strong>J. Offenbach<\/strong><br \/>\nLes Contes d\u2019Hoffmann<\/p>\n<p style=\"padding-left: 30px;\"><strong>F. Poulenc<\/strong><br \/>\nDialogues des Carm\u00e9lites<\/p>\n<p style=\"padding-left: 30px;\"><strong>G. Puccini<\/strong><br \/>\nLa Boh\u00e8me<br \/>\nMadama Butterfly<br \/>\nTosca<br \/>\nTurandot<\/p>\n<p style=\"padding-left: 30px;\"><strong>G. Rossini<\/strong><br \/>\nIl barbiere di Siviglia<br \/>\nLa Cenerentola<br \/>\nGuillaume Tell<\/p>\n<p style=\"padding-left: 30px;\"><strong>D. Schostakowitsch<\/strong><br \/>\nLady Macbeth von Mzensk<\/p>\n<p style=\"padding-left: 30px;\"><strong>B. Smetana<\/strong><br \/>\nDie verkaufte Braut<\/p>\n<p style=\"padding-left: 30px;\"><strong>R. Strauss<\/strong><br \/>\nDie Frau ohne Schatten<br \/>\nSalome<\/p>\n<p style=\"padding-left: 30px;\"><strong>G. Verdi<\/strong><br \/>\nIl Trovatore<br \/>\nRigoletto<br \/>\nUn ballo in maschera<\/p>\n<p style=\"padding-left: 30px;\"><strong>R. Wagner<\/strong><br \/>\nDer Fliegende Holl\u00e4nder<br \/>\nDie Meistersinger von N\u00fcrnberg<br \/>\nDas Rheingold<\/p>\n<hr \/>\n<h1><strong>Kinderoper<\/strong><\/h1>\n<p id=\"u896-51\" style=\"padding-left: 30px;\"><strong> <\/strong><\/p>\n<p style=\"padding-left: 30px;\"><strong>W. Hiller<\/strong><br \/>\nTheresienst\u00e4dter Tagebuch<\/p>\n<p style=\"padding-left: 30px;\"><strong>H. Kr\u00e1sa<\/strong><br \/>\nBrundib\u00e1r<\/p>\n<p style=\"padding-left: 30px;\"><strong>E. Naske<\/strong><br \/>\nDie Omama im Apfelbaum<\/p>\n<p id=\"u896-53\" style=\"padding-left: 30px;\"><strong>H. Schmidinger<\/strong><br \/>\nLynx, der Luchs (UA)<\/p>\n<hr \/>\n<h1><strong>Operette<\/strong><\/h1>\n<p id=\"u896-56\" style=\"padding-left: 30px;\"><strong> <\/strong><\/p>\n<p style=\"padding-left: 30px;\"><strong>R. Benatzky<\/strong><br \/>\nIm Wei\u00dfen R\u00f6ssl<\/p>\n<p style=\"padding-left: 30px;\"><strong>E. K\u00e1lm\u00e1n<\/strong><br \/>\nGr\u00e4fin Mariza<\/p>\n<p id=\"u896-60\" style=\"padding-left: 30px;\"><strong>F. Leh\u00e1r<\/strong><br \/>\nDer Graf von Luxemburg<br \/>\nDas Land des L\u00e4chelns<br \/>\nDie lustige Witwe<br \/>\nPaganini<\/p>\n<p id=\"u896-64\" style=\"padding-left: 30px;\"><strong>C. Mill\u00f6cker<\/strong><br \/>\nDer Bettelstudent<\/p>\n<p id=\"u896-66\" style=\"padding-left: 30px;\"><strong>J. Offenbach<\/strong><br \/>\nLa Grande-Duchesse de G\u00e9rolstein<br \/>\nLa Vie Parisienne<\/p>\n<p id=\"u896-70\" style=\"padding-left: 30px;\"><strong>J. Strauss<\/strong><br \/>\nDie Fledermaus<br \/>\nEine Nacht in Venedig<br \/>\nWiener Blut<\/p>\n<p id=\"u896-72\" style=\"padding-left: 30px;\"><strong>C. Zeller<\/strong><br \/>\nDer Vogelh\u00e4ndler<\/p>\n<p>&nbsp;<br \/>\n<a href=\"https:\/\/www.marcreibel.com\/?page_id=30\"><\/p>\n<h3><strong>Ballett | Musical<\/strong><\/h3>\n<p><\/a><br \/>\n&nbsp;<br \/>\n<a href=\"https:\/\/www.marcreibel.com\/?page_id=32\"><\/p>\n<h3><strong>Diverses | Konzerte | Symphonisches<\/strong><\/h3>\n<p><\/a><br \/>\n&nbsp;<br \/>\n<a href=\"https:\/\/www.marcreibel.com\/\"><\/p>\n<h3><strong>Home<\/strong><\/h3>\n","protected":false},"excerpt":{"rendered":"<p>Foto \u00a9grox \u00a0Oper P. Androsch Opernmaschine Schwarze Erde G. Bizet Carmen L. Cherubini M\u00e9d\u00e9e D. Cimarosa Der Operndirektor C. Debussy Pell\u00e9as et M\u00e9lisande C. Gounod Faust P. Hindemith Neues vom Tage E. Humperdinck H\u00e4nsel und Gretel G. Meyerbeer Le Proph\u00e8te<\/p>\n","protected":false},"author":1,"featured_media":0,"parent":8,"menu_order":10,"comment_status":"closed","ping_status":"closed","template":"","meta":{"_exactmetrics_skip_tracking":false,"_exactmetrics_sitenote_active":false,"_exactmetrics_sitenote_note":"","_exactmetrics_sitenote_category":0,"footnotes":""},"class_list":["post-25","page","type-page","status-publish","hentry"],"_links":{"self":[{"href":"https:\/\/www.marcreibel.com\/index.php?rest_route=\/wp\/v2\/pages\/25","targetHints":{"allow":["GET"]}}],"collection":[{"href":"https:\/\/www.marcreibel.com\/index.php?rest_route=\/wp\/v2\/pages"}],"about":[{"href":"https:\/\/www.marcreibel.com\/index.php?rest_route=\/wp\/v2\/types\/page"}],"author":[{"embeddable":true,"href":"https:\/\/www.marcreibel.com\/index.php?rest_route=\/wp\/v2\/users\/1"}],"replies":[{"embeddable":true,"href":"https:\/\/www.marcreibel.com\/index.php?rest_route=%2Fwp%2Fv2%2Fcomments&post=25"}],"version-history":[{"count":46,"href":"https:\/\/www.marcreibel.com\/index.php?rest_route=\/wp\/v2\/pages\/25\/revisions"}],"predecessor-version":[{"id":2109,"href":"https:\/\/www.marcreibel.com\/index.php?rest_route=\/wp\/v2\/pages\/25\/revisions\/2109"}],"up":[{"embeddable":true,"href":"https:\/\/www.marcreibel.com\/index.php?rest_route=\/wp\/v2\/pages\/8"}],"wp:attachment":[{"href":"https:\/\/www.marcreibel.com\/index.php?rest_route=%2Fwp%2Fv2%2Fmedia&parent=25"}],"curies":[{"name":"wp","href":"https:\/\/api.w.org\/{rel}","templated":true}]}}